 factors of 68586977.
163, 420779
List the prime factors of 114847635.
3, 5, 7, 311, 3517
What are the prime factors of 1663889175?
3, 5, 13, 189617
List the prime factors of 26590432.
2, 11, 75541
What are the prime factors of 5911220290?
2, 5, 591122029
What are the prime factors of 1512016576?
2, 7, 3375037
List the prime factors of 407079730.
2, 5, 40707973
What are the prime factors of 107624502?
2, 3, 1051, 5689
What are the prime factors of 49390460?
2, 5, 7, 97, 3637
What are the prime factors of 6100314688?
2, 13, 337, 21757
List the prime factors of 69461259.
3, 7, 3307679
List the prime factors of 441946275.
3, 5, 5892617
What are the prime factors of 1168913109?
3, 7, 13, 4281733
List the prime factors of 114849126.
2, 3, 7, 359, 2539
List the prime factors of 24219668.
2, 11, 550447
List the prime factors of 218187856.
2, 53, 257297
List the prime factors of 3741960519.
3, 11, 67, 163, 3461
What are the prime factors of 330121782?
2, 3, 2339, 7841
What are the prime factors of 284114434?
2, 142057217
List the prime factors of 238194774.
2, 3, 223, 59341
What are the prime factors of 606548751?
3, 73, 317, 8737
What are the prime factors of 66792019?
7, 9541717
What are the prime factors of 2585615442?
2, 3, 17, 173, 146527
List the prime factors of 47211311.
7, 6744473
List the prime factors of 1790034696.
2, 3, 1951, 12743
List the prime factors of 2003182658.
2, 17, 1789, 32933
What are the prime factors of 40535332?
2, 10133833
List the prime factors of 537750913.
7, 76821559
What are the prime factors of 234919793?
43, 193, 28307
What are the prime factors of 998183783?
599, 1666417
What are the prime factors of 205941193?
11351, 18143
List the prime factors of 16200903.
3, 5400301
List the prime factors of 141982953.
3, 7, 19, 355847
What are the prime factors of 20448565?
5, 4089713
List the prime factors of 89976609.
3, 19, 175393
What are the prime factors of 129973117?
129973117
List the prime factors of 4541051.
23, 179, 1103
What are the prime factors of 2587479477?
3, 11, 157, 3181
List the prime factors of 476246066.
2, 487, 488959
List the prime factors of 127382991.
3, 42460997
What are the prime factors of 1757302790?
2, 5, 37, 4749467
What are the prime factors of 48214191?
3, 19, 845863
What are the prime factors of 87192974?
2, 11, 3963317
What are the prime factors of 1073603701?
1073603701
List the prime factors of 179352536.
2, 11, 1201, 1697
What are the prime factors of 967288227?
3, 467, 690427
List the prime factors of 1785582070.
2, 5, 178558207
What are the prime factors of 102207689?
17, 43, 89, 1571
List the prime factors of 51817173.
3, 17, 1016023
List the prime factors of 1057080013.
11, 9127, 10529
What are the prime factors of 47945949?
3, 19, 841157
List the prime factors of 343727414.
2, 1901, 90407
What are the prime factors of 3257443194?
2, 3, 41, 47, 281737
What are the prime factors of 4626644788?
2, 1156661197
List the prime factors of 64784933.
179, 361927
List the prime factors of 6177334358.
2, 13, 237589783
What are the prime factors of 2025065397?
3, 563, 1198973
List the prime factors of 1802974748.
2, 450743687
List the prime factors of 74816817.
3, 24938939
What are the prime factors of 25431385?
5, 7, 726611
List the prime factors of 27458591.
19, 31, 46619
List the prime factors of 755404475.
5, 7, 97, 44501
List the prime factors of 7067158390.
2, 5, 706715839
List the prime factors of 42340500.
2, 3, 5, 97
What are the prime factors of 70788574?
2, 35394287
What are the prime factors of 188159353?
883, 213091
List the prime factors of 1997140370.
2, 5, 23, 8683219
List the prime factors of 2144103722.
2, 1072051861
What are the prime factors of 7583384277?
3, 7, 547, 220057
What are the prime factors of 3777142595?
5, 37, 20416987
List the prime factors of 56314909.
7, 8044987
What are the prime factors of 23960422?
2, 2927, 4093
What are the prime factors of 27911166?
2, 3, 29, 160409
What are the prime factors of 1697069985?
3, 5, 13, 251, 34673
List the prime factors of 323970243.
3, 31, 197, 17683
What are the prime factors of 60332795?
5, 23, 524633
What are the prime factors of 241068436?
2, 7, 1229941
What are the prime factors of 55781653?
55781653
What are the prime factors of 545923686?
2, 3, 7, 11, 17, 71, 89
List the prime factors of 335846211.
3, 41, 43, 63499
What are the prime factors of 522447830?
2, 5, 41, 107, 11909
What are the prime factors of 89774342?
2, 7, 6412453
List the prime factors of 145564410.
2, 3, 5, 349, 13903
What are the prime factors of 506219720?
2, 5, 97, 130469
List the prime factors of 249489943.
17, 863287
List the prime factors of 927065068.
2, 61, 3799447
List the prime factors of 50651033.
43, 733, 1607
What are the prime factors of 553966742?
2, 7, 61, 193, 3361
What are the prime factors of 1888225311?
3, 7, 5581, 16111
What are the prime factors of 71327451?
3, 13, 701, 2609
List the prime factors of 13556839.
223, 60793
List the prime factors of 838525507.
838525507
What are the prime factors of 573474526?
2, 71, 89, 45377
What are the prime factors of 2781867218?
2, 13, 106994893
What are the prime factors of 558530583?
3, 13, 1487, 9631
What are the prime factors of 256966943?
15791, 16273
List the prime factors of 5084795364.
2, 3, 11, 107, 521, 691
What are the prime factors of 315058026?
2, 3, 211, 248861
List the prime factors of 408507705.
3, 5, 17, 59333
What are the prime factors of 1506006442?
2, 5717, 131713
List the prime factors of 82404215.
5, 16480843
What are the prime factors of 625271090?
2, 5, 373, 167633
List the prime factors of 2141088319.
18461, 115979
List the prime factors of 837919461.
3, 107, 2610341
List the prime factors of 361666250.
2, 5, 11, 29, 907
What are the prime factors of 91984601?
223, 412487
What are the prime factors of 31019402?
2, 15509701
List the prime factors of 276715314.
2, 3, 41, 374953
List the prime factors of 3305800755.
3, 5, 61, 133811
What are the prime factors of 2240578124?
2, 43, 13026617
What are the prime factors of 417404627?
29, 53, 271571
List the prime factors of 25883096.
2, 23, 163, 863
List the prime factors of 3721728161.
35851, 103811
List the prime factors of 1490120084.
2, 372530021
What are the prime factors of 290101963?
290101963
List the prime factors of 654661074.
2, 3, 19, 5742641
List the prime factors of 265534234.
2, 7, 19, 142607
List the prime factors of 99196888.
2, 7, 1771373
What are the prime factors of 921493175?
5, 3299, 11173
What are the prime factors of 15013369?
7, 97, 22111
List the prime factors of 1742284242.
2, 3, 3584947
What are the prime factors of 4698133661?
13, 29, 439, 28387
What are the prime factors of 723817165?
5, 457, 316769
List the prime factors of 1115683143.
3, 191, 1947091
List the prime factors of 228887771.
7, 193, 24203
What are the prime factors of 79166380?
2, 5, 1319, 3001
List the prime factors of 104948838.
2, 3, 47, 41351
List the prime factors of 4128490315.
5, 29, 283, 100609
List the prime factors of 41419083.
3, 13806361
List the prime factors of 616739400.
2, 3, 5, 181, 631
What are the prime factors of 401556779?
13, 17, 53, 34283
List the prime factors of 17140623.
3, 5713541
What are the prime factors of 69301327?
69301327
List the prime factors of 90144506.
2, 17, 37, 131, 547
What are the prime factors of 699601863?
3, 61, 601, 6361
List the prime factors of 166576572.
2, 3, 19, 243533
List the prime factors of 130621255.
5, 23, 1135837
List the prime factors of 5063277707.
23, 29, 229, 33149
List the prime factors of 27010702.
2, 1699, 7949
List the prime factors of 24113025.
3, 5, 139, 257
What are the prime factors of 56930203?
11, 5175473
What are the prime factors of 21947750?
2, 5, 11, 23, 347
List the prime factors of 45703022.
2, 211, 108301
List the prime factors of 24949453.
1279, 19507
What are the prime factors of 85492952?
2, 2663, 4013
List the prime factors of 33246706.
2, 16623353
List the prime factors of 189561120.
2, 3, 5, 7, 56417
List the prime factors of 259614185.
5, 51922837
What are the prime factors of 3501093727?
1459, 2399653
What are the prime factors of 212758924?
2, 7, 23, 101, 3271
List the prime factors of 3613525408.
2, 112922669
List the prime factors of 61912